*b. Calculate the highest common factor of b and 72.
24
Let x(n) = n**2 + 8. Let o be x(0). Let r = 11 + -3. Calculate the highest common divisor of o and r.
8
Let l(y) = -y**2 - 5*y - 1. Suppose -4*o = -3*m, 0*m - m - 7 = o. Let n be l(m). Calculate the greatest common factor of n and 3.
3
Let q(x) = -x**3 - 3*x**2 + x + 3. Let y be q(-3). Let s be (-75)/(-3) - (y + 1). Calculate the greatest common divisor of s and 12.
12
Let y be 13 + -3 + (-1 + -2 - -4). Calculate the highest common divisor of y and 44.
11
Let f = -85 - 535. Let i = f - -873. Calculate the highest common factor of i and 23.
23
Suppose -5*c + 138 = -3*m, 136 = 2*c + 2*c + 4*m. Let z = 118 + -73. Calculate the greatest common divisor of c and z.
15
Let d(j) = 6 + 4*j + 2 + 0*j. Let f be d(7). Let z(c) = c**2 + 7*c - 69. Let n be z(-13). What is the greatest common divisor of f and n?
9
Let i be 34/12 + 1/6. Suppose -p = i*p. Suppose -4*c + 4*y - 5*y + 30 = 0, 5*c + 3*y - 41 = p. What is the greatest common divisor of c and 1?
1
Let j be ((-78 + -18)/((-6)/4))/1. Calculate the greatest common factor of j and 8.
8
Let r be (-3 - 74/(-14)) + 4/(-14). Calculate the highest common factor of r and 4.
2
Let s be (1 + -2)*2/(-2). Suppose -4 = -3*l - s. Let y = -29 - -40. Calculate the highest common divisor of l and y.
1
Suppose 0 = 3*z - 7*z + 16. Suppose 10 = z*y - 6. What is the highest common divisor of 32 and y?
4
Suppose -19 = -5*y + 1. Let f be -81*y/(-6) - 3. What is the greatest common factor of f and 34?
17
Suppose -3*i + 8*i = 50. Calculate the highest common divisor of 2 and i.
2
Let q be 3*(1 - -3)*4. Calculate the highest common divisor of 64 and q.
16
Suppose 5*v = j + 8 - 24, 8 = 2*j - 2*v. Let g(a) = -a**3 + 4*a**2 - 4*a + 2. Let q be g(2). What is the greatest common divisor of j and q?
1
Let c(m) be the first derivative of -m**2/2 + 2. Let u be c(-2). What is the highest common divisor of 8 and u?
2
Let n be (-2)/7 - (-142)/7. Let f = -18 - -26. Calculate the highest common divisor of f and n.
4
Suppose -6 = 2*s, -3*i + 135 = s + 3*s. What is the greatest common divisor of i and 7?
7
Suppose 3*f - 1 = 5*g, 5 = 3*f - g - 0*g. Let n be f + (1 - 4) - -13. Calculate the highest common factor of n and 12.
12
Let v = -10 + 16. Let q = v + 4. What is the greatest common divisor of 10 and q?
10
Let q = -13 - -18. Let l be ((-20)/6)/((-5)/30). What is the greatest common factor of l and q?
5
Let m(t) = -t - 5. Let f be m(-5). Suppose f*i - 4 = -4*i. Suppose 9 = 5*w - 6. What is the greatest common factor of i and w?
1
Suppose a - 2*p + 1 = -3, -3*a + p = 2. Suppose 0*i + i - 2 = a. Let g be 2/(i*-1) + 3. What is the greatest common divisor of g and 22?
2
Let m = -196 - -259. Suppose -2*r = f - 18, 2*r + 6 = -0*r + 5*f. What is the highest common divisor of r and m?
7
Suppose 0 = 3*f - f - 2, -f - 101 = -3*g. Let c = -22 + g. Calculate the highest common factor of 4 and c.
4
Suppose -48*f + 260 = -43*f. Calculate the highest common factor of f and 13.
13
Let r(k) = 2 - 3*k - 6 + 20*k + 19*k. Let j be r(3). Calculate the greatest common divisor of 13 and j.
13
Let o be ((-48)/(-10))/(2/60). Let u be (-66)/(-5)*(5 - 0). Suppose -5*f + o = -u. Calculate the greatest common divisor of 6 and f.
6
Let g be (-3 - -7)*3/2. Suppose -3*d = -g*d. Suppose s = 3*c - 20, -3*c + 12 = -d*s + 3*s. What is the greatest common divisor of 15 and c?
3
Let m = -30 + 66. Suppose 19 = 5*l + 4*b, -2*b = -3*l - l + m. Let t be l/3 - 1/3. Calculate the highest common divisor of 16 and t.
2
Let n(p) = -2*p**2 - 1. Let t be n(1). Let u be 0*(t/(-2) + -2). Suppose u = -b + 2 + 11. What is the highest common divisor of 117 and b?
13
Suppose -4*o = -6*o + 4. Suppose o*m - 27 = 1. What is the greatest common factor of m and 2?
2
Suppose 0 = 4*l + l - 95. Suppose s - l = 2. What is the greatest common divisor of s and 84?
21
Let k be (3 - (-3 + 5)) + 19. Calculate the highest common divisor of k and 140.
20
Suppose -6*m = -m - 385. Let f(l) = l**2 - 3*l - 3. Let p(h) = -h**2 + 7*h - 5. Let z be p(5). Let t be f(z). What is the greatest common factor of t and m?
7
Let y(g) = -g + 5. Let x be y(2). Suppose 5*s = x*z - 185, 2*s - 7*s = z - 55. Calculate the highest common factor of 12 and z.
12
Suppose -4*b = -2*p - 100, 5*b + p = 2*b + 70. What is the highest common divisor of b and 16?
8
Let g(t) = 9*t - 31. Let d be g(19). What is the highest common divisor of d and 20?
20
Let c = -24 - -12. Let q be (6/8)/(c/(-32)). Let h be (-1)/2 - 11/(-2). Calculate the highest common factor of q and h.
1
Suppose 5 = 5*h, -2*w + 179 = 3*w - h. Let u(o) = -11 + 6*o + 5 + 2*o + 7. Let i be u(1). Calculate the greatest common divisor of i and w.
9
Let z(c) = c**2 - 4*c + 4. Let d be z(3). Let u be -4 + d*1/(-1). Let l(t) = t**2 - 1. Let k be l(u). Calculate the highest common factor of 3 and k.
3
Let z be -2 - (-2 - (1 + -1)). Let l = 11 - 5. Let r be l*(z + (-2)/(-4)). Calculate the highest common divisor of r and 12.
3
Suppose -5*q + 197 = 4*s, 2*s = 3*s + 2*q - 50. What is the greatest common factor of 72 and s?
24
Let n be (-1 + (-4)/(-1))/3. What is the greatest common factor of 7 and n?
1
Let b(a) = a**3 - 4*a**2 + 6*a - 1. Let x be b(4). Let s = -14 + x. Calculate the highest common divisor of s and 72.
9
Let l be 285/13 + 1/13. Let o = 75 + 35. Calculate the greatest common factor of o and l.
22
Let o be -2*((-1)/1 + -1). Suppose -g + o = 5*p + g, 0 = p + 5*g + 13. Suppose p*z - 35 = 25. Calculate the highest common factor of 45 and z.
15
Let k(r) = -r**3 + 4*r**2 + 2*r - 3. Let m be k(3). Suppose -17 - 367 = -4*f. Calculate the greatest common divisor of m and f.
12
Suppose 4*i - r = 2 + 18, i = -4*r + 5. What is the highest common divisor of i and 55?
5
Suppose 0 = -3*o + 2*f + 174 - 50, -o + 52 = 2*f. Calculate the greatest common divisor of o and 4.
4
Let r = 3 + -1. Suppose -12 = 2*y - 5*h + 1, 0 = 2*h - r. Let j be ((-8)/1)/(y/22). Calculate the greatest common factor of j and 4.
4
Suppose 5*m + 2*u - 54 = -3, 12 = 4*u. Let i(k) = -10*k + 3. Let n be i(-6). Calculate the highest common divisor of m and n.
9
Suppose 0*g + 2*g - 6 = 0. Suppose 2*n - 2 = n. Suppose g*w - n = w. Calculate the highest common factor of 7 and w.
1
Let b(a) = a**2 + 4*a + 1. Let n be 100/(-15) + (-4)/(-6). Let i be b(n). Let q = -8 + i. Calculate the highest common divisor of q and 35.
5
Let z be (9 + -10)/(1 + (-54)/51). Calculate the highest common factor of z and 34.
17
Let p be (-3)/(-1)*3/9*46. Calculate the greatest common factor of 69 and p.
23
Suppose 5*k + 2 = -3. Let s(r) = 12*r**2. Let t be s(k). What is the highest common factor of 6 and t?
6
Let z(t) = 2*t**2 + 44*t + 17. Let k be z(-22). Calculate the highest common divisor of 136 and k.
17
Let l(r) = 6*r - 2*r - r**3 + 4*r**2 + 4 + r. Let g be l(5). Suppose p = t - 19, g*t - 31 = 3*p - 8*p. What is the highest common divisor of t and 7?
7
Suppose -4*l = -3*n - 2*l + 245, 2*n - 5*l - 145 = 0. Suppose 2*x - 64 + 23 = -3*b, -x = -5*b + 90. Calculate the greatest common divisor of n and b.
17
Let h be (6 + (5 - 2))/1. What is the greatest common divisor of h and 9?
9
Let n(q) = q**3 - 3*q**2 - 4*q + 6. Let z be (7 - 4)*(-10)/(-6). Let p be n(z). What is the highest common factor of p and 12?
12
Suppose -a = 2*q - 6, -2*a + 7 = 3*q - 4. Suppose 42*f = 41*f + 7. Suppose -m + f = -q. What is the greatest common factor of 1 and m?
1
Let l be ((-48)/(-60))/((-2)/(-10)). Suppose 0 = l*j - 55 + 3. What is the highest common factor of j and 13?
13
Let f = 8 + -5. Let b(u) = 3*u**2 - 2*u - 1. Let t be b(f). Calculate the highest common divisor of t and 50.
10
Suppose 4 = -2*g + 4*z, 0 = 4*g - 0*g - 3*z - 7. Let y = -14 + 26. What is the greatest common factor of g and y?
4
Suppose -14 = 5*u - 69. Suppose 0 = -3*x + 89 - u. Let n = 17 + -4. What is the highest common divisor of x and n?
13
Suppose d - 5 = -1. Suppose 2*z = -d, 4*l - 2*z + 26 = 162. What is the highest common divisor of 11 and l?
11
Suppose -3 = -6*r + 3*r. What is the highest common factor of r and 5?
1
Let v be -1 + -1 - (69 + 1). Let g = 27 - v. Let n(y) = y**3 + 8*y**2 - 10*y. Let w be n(-9). What is the greatest common factor of g and w?
9
Let i(u) = -u**2 + 6*u + 4. Let z be i(10). Let x = 51 + z. Calculat